t of 13539?
3
What is the tens digit of 3264?
6
What is the tens digit of 43960?
6
What is the ten thousands digit of 47093?
4
What is the ten thousands digit of 66347?
6
What is the hundreds digit of 9577?
5
What is the thousands digit of 1054?
1
What is the thousands digit of 13042?
3
What is the units digit of 444?
4
What is the hundreds digit of 39753?
7
What is the units digit of 30519?
9
What is the units digit of 115326?
6
What is the hundreds digit of 4140?
1
What is the units digit of 1947?
7
What is the tens digit of 184?
8
What is the tens digit of 6749?
4
What is the hundreds digit of 18769?
7
What is the ten thousands digit of 31549?
3
What is the units digit of 2242?
2
What is the units digit of 32603?
3
What is the thousands digit of 65085?
5
What is the thousands digit of 126191?
6
What is the units digit of 1935?
5
What is the hundreds digit of 29464?
4
What is the hundreds digit of 433?
4
What is the tens digit of 57542?
4
What is the tens digit of 628?
2
What is the tens digit of 8461?
6
What is the units digit of 655?
5
What is the tens digit of 3755?
5
What is the hundreds digit of 642?
6
What is the thousands digit of 8650?
8
What is the units digit of 513?
3
What is the units digit of 2355?
5
What is the thousands digit of 60784?
0
What is the units digit of 12933?
3
What is the hundreds digit of 1312?
3
What is the hundred thousands digit of 112051?
1
What is the units digit of 38378?
8
What is the tens digit of 57995?
9
What is the hundreds digit of 9471?
4
What is the thousands digit of 20099?
0
What is the tens digit of 50809?
0
What is the hundreds digit of 1551?
5
What is the thousands digit of 8339?
8
What is the hundreds digit of 16546?
5
What is the tens digit of 1242?
4
What is the units digit of 5765?
5
What is the ten thousands digit of 31494?
3
What is the units digit of 24732?
2
What is the hundreds digit of 132?
1
What is the thousands digit of 7625?
7
What is the units digit of 1097?
7
What is the units digit of 5810?
0
What is the thousands digit of 28193?
8
What is the tens digit of 1093?
9
What is the units digit of 998?
8
What is the tens digit of 33445?
4
What is the tens digit of 46308?
0
What is the hundreds digit of 2549?
5
What is the hundreds digit of 22894?
8
What is the tens digit of 57041?
4
What is the thousands digit of 33792?
3
What is the thousands digit of 3844?
3
What is the hundreds digit of 580?
5
What is the tens digit of 776?
7
What is the hundreds digit of 310?
3
What is the tens digit of 571?
7
What is the tens digit of 20729?
2
What is the units digit of 832?
2
What is the hundreds digit of 23937?
9
What is the units digit of 85211?
1
What is the thousands digit of 4025?
4
What is the units digit of 22546?
6
What is the hundreds digit of 2728?
7
What is the tens digit of 807?
0
What is the hundreds digit of 3697?
6
What is the tens digit of 18903?
0
What is the units digit of 137?
7
What is the thousands digit of 1849?
1
What is the thousands digit of 6382?
6
What is the hundreds digit of 3455?
4
What is the units digit of 452?
2
What is the hundreds digit of 9045?
0
What is the thousands digit of 73414?
3
What is the tens digit of 10124?
2
What is the tens digit of 154135?
3
What is the thousands digit of 9169?
9
What is the hundreds digit of 6560?
5
What is the ten thousands digit of 25164?
2
What is the hundreds digit of 6516?
5
What is the tens digit of 2325?
2
What is the hundreds digit of 9383?
3
What is the units digit of 7834?
4
What is the units digit of 34452?
2
What is the tens digit of 1619?
1
What is the units digit of 116629?
9
What is the hundreds digit of 84967?
9
What is the tens digit of 3241?
4
What is the units digit of 2504?
4
What is the thousands digit of 58858?
8
What is the thousands digit of 1291?
1
What is the units digit of 4163?
3
What is the units digit of 32012?
2
What is the units digit of 954?
4
What is the units digit of 962?
2
What is the thousands digit of 2620?
2
What is the tens digit of 782?
8
What is the hundreds digit of 935?
9
What is the ten thousands digit of 148807?
4
What is the hundreds digit of 31535?
5
What is the units digit of 1897?
7
What is the units digit of 5679?
9
What is the units digit of 1251?
1
What is the hundreds digit of 283?
2
What is the tens digit of 97?
9
What is the units digit of 622?
2
What is the units digit of 503?
3
What is the tens digit of 85?
8
What is the tens digit of 1655?
5
What is the tens digit of 35694?
9
What is the ten thousands digit of 20981?
2
What is the units digit of 1168?
8
What is the hundreds digit of 2180?
1
What is the thousands digit of 27339?
7
What is the tens digit of 6853?
5
What is the hundreds digit of 15387?
3
What is the tens digit of 3261?
6
What is the thousands digit of 3490?
3
What is the tens digit of 828?
2
What is the tens digit of 2559?
5
What is the tens digit of 98?
9
What is the ten thousands digit of 64244?
6
What is the tens digit of 13249?
4
What is the thousands digit of 33173?
3
What is the tens digit of 940?
4
What is the tens digit of 750?
5
What is the ten thousands digit of 25572?
2
What is the hundreds digit of 2310?
3
What is the hundreds digit of 77300?
3
What is the hundreds digit of 2671?
6
What is the ten thousands digit of 112222?
1
What is the thousands digit of 10691?
0
What is the units digit of 937?
7
What is the units digit of 251?
1
What is the ten thousands digit of 17637?
1
What is the hundreds digit of 100?
1
What is the units digit of 78917?
7
What is the tens digit of 2450?
5
What is the units digit of 52731?
1
What is the thousands digit of 7691?
7
What is the units digit of 32071?
1
What is the hundreds digit of 428?
4
What is the ten thousands digit of 68492?
6
What is the hundreds digit of 1927?
9
What is the units digit of 864?
4
What is the thousands digit of 1198?
1
What is the tens digit of 7625?
2
What is the tens digit of 3452?
5
What is the thousands digit of 23538?
3
What is the tens digit of 15483?
8
What is the hundreds digit of 13931?
9
What is the units digit of 122?
2
What is the tens digit of 602?
0
What is the thousands digit of 11204?
1
What is the tens digit of 22340?
4
What is the thousands digit of 17651?
7
What is the thousands digit of 61396?
1
What is the units digit of 290?
0
What is the tens digit of 11975?
7
What is the tens digit of 1835?
3
What is the units digit of 2146?
6
What is the units digit of 130?
0
What is the ten thousands digit of 52302?
5
What is the tens digit of 157836?
3
What is the hundreds digit of 37645?
6
What is the hundreds digit of 384?
3
What is the hundreds digit of 926?
9
What is the units digit of 3482?
2
What is the tens digit of 498?
9
What is the ten thousands digit of 20402?
2
What is the units digit of 1011?
1
What is the hundreds digit of 4930?
9
What is the hundreds digit of 570?
5
What is the tens digit of 2633?
3
What is the tens digit of 1199?
9
What is the tens digit of 935?
3
What is the tens digit of 958?
5
What is the thousands digit of 1850?
1
What is the hundreds digit of 797?
7
What is the hundreds digit of 16848?
8
What is the tens digit of 38562?
6
What is the hundreds digit of 19930?
9
What is the ten thousands digit of 101032?
0
What is the tens digit of 19185?
8
What is the tens digit of 2868?
6
What is the units digit of 681?
1
What is the hundreds digit of 1509?
5
What is the units digit of 348?
8
What is the units digit of 2923?
3
What is the tens digit of 1765?
6
What is the thousands digit of 4291?
4
What is the ten thousands digit of 174136?
7
What is the thousands digit of 4554?
4
What is the tens digit of 482?
8
What is the thousands digit of 2290?
2
What is the hundreds digit of 92722?
7
What is the ten thousands digit of 14711?
1
What is the units digit of 8482?
2
What is the tens digit of 1203?
0
What is the tens digit of 4397?
9
What is the thousands digit of 12140?
2
What is the thousands digit of 4123?
4
What is the hundreds digit of 955?
9
What is the thousands digit of 3200?
3
What is the hundreds digit of 3120?
1
What is the hundreds digit of 253?
2
What is the units digit of 363?
3
What is the tens digit of 847?
4
What is the thousands digit of 1370?
1
What is the hundreds digit of 1379?
3
What is the units digit of 745?
5
What is the tens